 remainder when 2*-2*(-39)/24*2 is divided by 2.
1
Suppose -3*l = 2*l - 20. Suppose -3*d - 1 + l = 0. What is the remainder when -1 + (-1 - (-17 + d)) is divided by 8?
6
Let r = 4 - -5. Let x be -2*(r/6)/3. Let v(t) = 7*t**2. What is the remainder when 20 is divided by v(x)?
6
Let r(m) = 2 - 7 - 2*m**2 + 1 - 5*m. Let f be r(-4). Let t = f - -26. What is the remainder when 29 is divided by t?
9
Suppose 5*b - 52 = 3. Let q = -2 + b. What is the remainder when q is divided by 3?
0
Suppose 2 = -y + 2*y. Let n = 5 + -5. Let l = y - n. What is the remainder when 2 is divided by l?
0
Let w = 70 - 66. What is the remainder when 6 is divided by w?
2
Let p = -181 - -598. Suppose -m + p = 2*m. Suppose -4*h - 3*j + m = 5, -j + 34 = h. What is the remainder when h is divided by 11?
10
Let b = 79 + -25. What is the remainder when b is divided by 19?
16
Let g = 2 + -6. What is the remainder when ((-42)/8 - 1)*g is divided by 7?
4
Let x be (9/6)/(3/(-8)). Let g be 0 - 3*x/6. Suppose -2*a + 4*m - 10 = 0, -3*a + g*m + 0*m = 3. What is the remainder when a is divided by 1?
0
Suppose 0 = 2*d - 4*d, -5*y = -5*d - 70. Suppose -4*k + 151 = -5*g, 5*k - 192 = 2*g + g. What is the remainder when k is divided by y?
11
Let n = 6 + 14. Suppose n = 2*t + 3*t. Calculate the remainder when 3*((-2)/(-1) - 0) is divided by t.
2
Let l = -15 - -33. Let r be (-2)/7 - (-428)/28. Suppose 4*q - o = 2*o + 31, 5*o = 3*q - r. Calculate the remainder when l is divided by q.
8
Suppose 3*p - 7*p + 124 = 0. Suppose -n + 124 = 2*i + 2*n, -3*i = 4*n - 187. Let t = i - p. Calculate the remainder when t is divided by 18.
16
Suppose 0 = -l + 4*q - 7*q + 10, 4*q - 20 = -3*l. Suppose 5*r = -5*z + 360, 3*r - l*r = -3*z + 236. Calculate the remainder when z is divided by 20.
17
Suppose p - 532 = -3*z, -p + 621 = 5*z - 265. What is the remainder when z is divided by 45?
42
Suppose 4*g = 2*v + 8 - 52, -2*g = 8. Let n = -17 + 43. Calculate the remainder when n is divided by v.
12
Let o(x) = 5*x + 6. Let g be -3*14/(-6) + 1. Calculate the remainder when o(g) is divided by 24.
22
Let j = 34 + -19. Let z(o) = 2*o**2 - 9*o + 3. Let n be (-25)/(-3) + 3/(-9). Calculate the remainder when z(n) is divided by j.
14
Let f = 156 + -139. Calculate the remainder when f is divided by 6.
5
Let i(u) = u**2 - 4*u - 3. What is the remainder when i(-6) is divided by 15?
12
Let c(k) = -k**2 - k + 2. Let m be c(0). Suppose 3*l + 117 = 3*a, 4*a - m*l - 162 = -4*l. What is the remainder when a is divided by ((-4)/5 - 2)*-5?
12
Let i(f) = -f + 16. Calculate the remainder when 20 is divided by i(5).
9
Let s(x) = x - 4. Let l be s(5). Suppose 2*q - l = 1. What is the remainder when 2 is divided by q - (0 + 2 + -2)?
0
Let k(r) = r**3 + 9*r**2 + 11*r + 14. What is the remainder when 116 is divided by k(-7)?
11
Let u(v) = -v + 6. Suppose 0 = -3*m - 2*m + 15. Calculate the remainder when u(-7) is divided by m.
1
Suppose 2*b + 1 = 5. Suppose 3*l + 54 = b*g, -5*g - 3*l - 18 = -132. Suppose -s + g = 2*s. Calculate the remainder when 22 is divided by s.
6
Suppose 3*j = 4*q - j - 80, 0 = 3*q - 4*j - 65. Let z = 31 - q. Let u(d) = -5*d - 1. Calculate the remainder when z is divided by u(-2).
7
Let g = -17 - -35. What is the remainder when g is divided by 11?
7
Suppose -3*a - 6*o + 555 = -3*o, 4*a - 755 = -o. What is the remainder when a is divided by 39?
34
Suppose -4*l = 4*u - 92, 4*u - 39 = 3*u - 5*l. Calculate the remainder when (-55)/2*(-10)/5 is divided by u.
17
Let l(j) = -j**3 + 8*j**2 - 7*j + 3. Let i be l(7). Let f(k) = -k + 2 - 4*k**i - k**3 + 4*k**3 + 4*k**2. What is the remainder when 31 is divided by f(3)?
7
Let p = -112 - -212. Suppose 5*g - p - 6 = -2*d, -g - 4*d + 32 = 0. Calculate the remainder when g is divided by 11.
9
Suppose r + 61 = 5*m - 11, 2*r = 5*m - 74. Calculate the remainder when (-3 - (-3 - 1))/(4/212) is divided by m.
11
Let p be 1/((-7)/(-2) + -3). Suppose 4*d = p + 2. Let i = 9 - d. Calculate the remainder when 23 is divided by i.
7
Let i = 4 - 2. Let w(c) = i + 1 + 2*c**2 - c**2 - 9*c. What is the remainder when 5 is divided by w(9)?
2
Let r(h) = -3*h - 3. Let t be r(-2). Let z(a) = a**2 + 3*a + 1. What is the remainder when z(t) is divided by (-2 - (-10 + 1)) + 3?
9
Let l = 13 - 2. Calculate the remainder when 31 is divided by l.
9
Suppose 3*w - 29 = -5*x, -5*x = -5*w - 0*x - 5. Calculate the remainder when 10 is divided by w.
1
Let l be (1/(-2))/(16/(-96)). Suppose 21 = l*h + 6. What is the remainder when 13 is divided by h?
3
Suppose r + 3 = 0, -6*a - r = -a - 12. What is the remainder when 7 is divided by a?
1
Suppose 7*a = 6*a - 40. Suppose 5*j + 567 - 137 = 0. Let c = a - j. What is the remainder when c is divided by 16?
14
Let w(h) = -h**2 + 7*h - 5. Let j be w(5). Suppose -2*m + 3*a = -23 + 2, 2*a = -5*m + j. Suppose -c - 130 = -m*c. What is the remainder when c is divided by 17?
14
Suppose -243 + 75 = -3*i - 3*v, 0 = 3*i + v - 174. Calculate the remainder when i is divided by 10.
9
Let c = 20 - 18. What is the remainder when 2 is divided by c?
0
Suppose 40 = 4*f + f. Suppose g = -g + f. Calculate the remainder when (-105)/(-10) - (-2)/(-4) is divided by g.
2
Suppose 4*l - 2 = 2. What is the remainder when 1 is divided by (15/(-60))/(l/(-4))?
0
Let o = 9 + -5. Let c(v) = v - 4. Let g be c(o). Let w = g - -13. What is the remainder when 24 is divided by w?
11
Let w = 2 - -4. Let r = w + 20. Calculate the remainder when r is divided by 7.
5
Suppose 2*n - 60 = -2*n. What is the remainder when 29 is divided by n?
14
Let f = 9 + -5. Let t(r) be the second derivative of -r**5/20 + 5*r**4/12 + r**3/2 + r**2/2 + 25*r. Calculate the remainder when t(f) is divided by 8.
5
Let g = 46 - 34. Calculate the remainder when g is divided by 6.
0
Suppose -q - 4*q - 4*r = 1, -3*q = 3*r + 3. Let x(f) = 2*f - 4. What is the remainder when q is divided by x(3)?
1
Let c = 425 - 274. Calculate the remainder when c is divided by 38.
37
Let w(o) = -o**2 + 14*o + 18. Calculate the remainder when 51 is divided by w(14).
15
Let l(b) = b**3 + 0*b - 4 - 8*b**2 - 8*b - b + b. What is the remainder when l(9) is divided by 3?
2
Let m(i) = 94*i**2 - 1. Let w be m(-1). Let n = w + 12. Calculate the remainder when n is divided by 27.
24
Let q be 11/((-2)/(18/1)). Suppose -l - 68 = -0*l. Let i = l - q. Calculate the remainder when i is divided by 11.
9
Suppose v - 32 = -v. Calculate the remainder when v is divided by 6.
4
Suppose 5*f - 4*p = -9, -f + 1 = 2*f + 4*p. Let s(u) = -7*u - 1. What is the remainder when 15 is divided by s(f)?
3
Let u(r) = r**3 + 9*r**2 + 5*r + 9. Calculate the remainder when u(-8) is divided by 4.
1
Suppose -2*x + 5 = -21. What is the remainder when 25 is divided by x?
12
Suppose 4*s + 2*z = -1 + 7, z = 4*s - 9. Let b be s/7 + (-108)/(-14). Let t = b + 8. Calculate the remainder when 46 is divided by t.
14
Suppose 0 = 4*j - 30 + 2. Suppose j*d - 2*d = -3*g + 15, 49 = 4*g - 3*d. What is the remainder when 39 is divided by g?
9
Let x = -74 - -128. What is the remainder when x is divided by 28?
26
Let u = 866 + -544. Calculate the remainder when u is divided by 65.
62
Let j = 55 + -22. Let t(f) = 2*f**2 - f + 3. Calculate the remainder when j is divided by t(2).
6
Suppose 0 = -5*c - 3*a + 6, 2*c + a - 3 = -0. Let s = 70 - c. Suppose -v - u = -8, -s = -4*v - 3*u + 6*u. What is the remainder when 24 is divided by v?
11
Calculate the remainder when 21*(0 - 30/(-9)) is divided by 18.
16
Suppose 4*b = -3*h + 20, -b + 22 = 4*h + 4. Suppose -b*s = 3*d + 6, 0*s + 5 = -s - 2*d. What is the remainder when 10 is divided by s?
1
Suppose 8 + 6 = a - 5*v, 4*a - 3*v = 22. Let s(k) = -k**2 + 3*k + 4. Let t be s(a). Let j = 38 - t. Calculate the remainder when j is divided by 13.
12
Suppose 5*y + 20 = 90. Suppose -5*d - 5*s - 119 = -399, d - 2*s - 47 = 0. What is the remainder when d is divided by y?
11
What is the remainder when 62*1 + 2 + 8/(-2) is divided by 17?
9
Suppose -4*o + c = -54, -3*o + c + 2*c + 45 = 0. What is the remainder when o is divided by 7?
6
Let d(j) = -5*j + 70. What is the remainder when d(-30) is divided by 45?
40
Calculate the remainder when -2 + 1/(2/178) is divided by 22.
21
Let u = 4 - 2. Suppose 0 = -j + 5*n, -3*n = u*j - 4*n - 18. What is the remainder when 39 is divided by j?
9
Let w = -52 - 